{"id":206,"date":"2024-07-23T13:11:06","date_gmt":"2024-07-23T13:11:06","guid":{"rendered":"http:\/\/www.altindamla.com\/?page_id=206"},"modified":"2024-07-23T14:21:52","modified_gmt":"2024-07-23T14:21:52","slug":"tekstil-sektoru","status":"publish","type":"page","link":"http:\/\/www.altindamla.com\/index.php\/tekstil-sektoru\/","title":{"rendered":"TEKST\u0130L SEKT\u00d6R\u00dc"},"content":{"rendered":"\n<figure class=\"wp-block-image size-full\"><img loading=\"lazy\" decoding=\"async\" width=\"848\" height=\"158\" src=\"http:\/\/www.altindamla.com\/wp-content\/uploads\/2024\/07\/tekstil_kategori.jpg\" alt=\"\" class=\"wp-image-207\" srcset=\"http:\/\/www.altindamla.com\/wp-content\/uploads\/2024\/07\/tekstil_kategori.jpg 848w, http:\/\/www.altindamla.com\/wp-content\/uploads\/2024\/07\/tekstil_kategori-300x56.jpg 300w, http:\/\/www.altindamla.com\/wp-content\/uploads\/2024\/07\/tekstil_kategori-768x143.jpg 768w\" sizes=\"(max-width: 848px) 100vw, 848px\" \/><\/figure>\n\n\n\n<p class=\"has-system-serif-font-family\" style=\"font-size:clamp(1.039rem, 1.039rem + ((1vw - 0.2rem) * 0.935), 1.6rem);font-style:normal;font-weight:500;line-height:1.2\">Metale \u015fekil verilen sekt\u00f6rlerden \u00e7ok farkl\u0131, kendine has uygulamalar bar\u0131nd\u0131rmakta olan tekstil sekt\u00f6r\u00fcnde makinadan makineye, uygulamadan uygulamaya ya\u011f gereksinimi de\u011fi\u015fmektedir. H\u0131z\u0131n, y\u00fck\u00fcn, s\u0131cakl\u0131\u011f\u0131n ve s\u00fcrt\u00fcnme mekanizmalar\u0131n\u0131n de\u011fi\u015fkenlik g\u00f6sterdi\u011fi uygulamalar i\u00e7in BELG\u0130N; sekt\u00f6rdeki engin deneyimi ve geli\u015fmi\u015f ARGE\/LABORATUVAR alt yap\u0131s\u0131 ile m\u00fc\u015fterilerine katma de\u011fer katan \u00fcr\u00fcn ve \u00e7\u00f6z\u00fcmler sunmaktad\u0131r.<\/p>\n\n\n\n<p class=\"has-system-serif-font-family\" style=\"font-size:clamp(1.039rem, 1.039rem + ((1vw - 0.2rem) * 0.935), 1.6rem);font-style:normal;font-weight:500;line-height:1.2\">Geni\u015f \u00fcr\u00fcn portf\u00f6y\u00fc ile BELG\u0130N, sekt\u00f6r firmalar\u0131n\u0131n ya\u011f kullan\u0131m ihtiya\u00e7lar\u0131n\u0131n \u00e7o\u011funlu\u011funa cevap verebilmektedir. Portf\u00f6y\u00fcm\u00fczde; harman ya\u011flar\u0131, kone-aktarma ya\u011flar\u0131, kop\u00e7a ya\u011flar\u0131, \u00f6rg\u00fc makinesi ya\u011flar\u0131n\u0131n yan\u0131 s\u0131ra; sentetik zincir ya\u011flar\u0131ndan hidrolik ya\u011flara, di\u015fli ya\u011flar\u0131ndan greslere kadar genel bak\u0131m ya\u011flar\u0131 da bulunmaktad\u0131r.<\/p>\n","protected":false},"excerpt":{"rendered":"<p>Metale \u015fekil verilen sekt\u00f6rlerden \u00e7ok farkl\u0131, kendine has uygulamalar bar\u0131nd\u0131rmakta olan tekstil sekt\u00f6r\u00fcnde makinadan makineye, uygulamadan uygulamaya ya\u011f gereksinimi de\u011fi\u015fmektedir. H\u0131z\u0131n, y\u00fck\u00fcn, s\u0131cakl\u0131\u011f\u0131n ve s\u00fcrt\u00fcnme mekanizmalar\u0131n\u0131n de\u011fi\u015fkenlik g\u00f6sterdi\u011fi uygulamalar i\u00e7in BELG\u0130N; sekt\u00f6rdeki engin deneyimi ve geli\u015fmi\u015f ARGE\/LABORATUVAR alt yap\u0131s\u0131 ile m\u00fc\u015fterilerine katma de\u011fer katan \u00fcr\u00fcn ve \u00e7\u00f6z\u00fcmler sunmaktad\u0131r. Geni\u015f \u00fcr\u00fcn portf\u00f6y\u00fc ile BELG\u0130N, sekt\u00f6r firmalar\u0131n\u0131n [&hellip;]<\/p>\n","protected":false},"author":1,"featured_media":0,"parent":0,"menu_order":0,"comment_status":"closed","ping_status":"closed","template":"","meta":{"footnotes":""},"class_list":["post-206","page","type-page","status-publish","hentry"],"_links":{"self":[{"href":"http:\/\/www.altindamla.com\/index.php\/wp-json\/wp\/v2\/pages\/206"}],"collection":[{"href":"http:\/\/www.altindamla.com\/index.php\/wp-json\/wp\/v2\/pages"}],"about":[{"href":"http:\/\/www.altindamla.com\/index.php\/wp-json\/wp\/v2\/types\/page"}],"author":[{"embeddable":true,"href":"http:\/\/www.altindamla.com\/index.php\/wp-json\/wp\/v2\/users\/1"}],"replies":[{"embeddable":true,"href":"http:\/\/www.altindamla.com\/index.php\/wp-json\/wp\/v2\/comments?post=206"}],"version-history":[{"count":2,"href":"http:\/\/www.altindamla.com\/index.php\/wp-json\/wp\/v2\/pages\/206\/revisions"}],"predecessor-version":[{"id":231,"href":"http:\/\/www.altindamla.com\/index.php\/wp-json\/wp\/v2\/pages\/206\/revisions\/231"}],"wp:attachment":[{"href":"http:\/\/www.altindamla.com\/index.php\/wp-json\/wp\/v2\/media?parent=206"}],"curies":[{"name":"wp","href":"https:\/\/api.w.org\/{rel}","templated":true}]}}