{"id":198,"date":"2024-07-23T13:08:47","date_gmt":"2024-07-23T13:08:47","guid":{"rendered":"http:\/\/www.altindamla.com\/?page_id=198"},"modified":"2024-07-23T14:21:17","modified_gmt":"2024-07-23T14:21:17","slug":"savunma-ve-havacilik-sektoru","status":"publish","type":"page","link":"http:\/\/www.altindamla.com\/index.php\/savunma-ve-havacilik-sektoru\/","title":{"rendered":"SAVUNMA VE HAVACILIK SEKT\u00d6R\u00dc"},"content":{"rendered":"\n<figure class=\"wp-block-image size-full\"><img loading=\"lazy\" decoding=\"async\" width=\"848\" height=\"158\" src=\"http:\/\/www.altindamla.com\/wp-content\/uploads\/2024\/07\/savunma_kategori.jpg\" alt=\"\" class=\"wp-image-199\" srcset=\"http:\/\/www.altindamla.com\/wp-content\/uploads\/2024\/07\/savunma_kategori.jpg 848w, http:\/\/www.altindamla.com\/wp-content\/uploads\/2024\/07\/savunma_kategori-300x56.jpg 300w, http:\/\/www.altindamla.com\/wp-content\/uploads\/2024\/07\/savunma_kategori-768x143.jpg 768w\" sizes=\"(max-width: 848px) 100vw, 848px\" \/><\/figure>\n\n\n\n<p class=\"has-system-serif-font-family\" style=\"font-size:clamp(1.039rem, 1.039rem + ((1vw - 0.2rem) * 0.935), 1.6rem);font-style:normal;font-weight:500;line-height:1.2\">Y\u00fcr\u00fct\u00fclmekte olan devlet politikalar\u0131 do\u011frultusunda geli\u015fen Savunma ve Havac\u0131l\u0131k End\u00fcstrisi Sekt\u00f6r\u00fc\u2019nde Belgin Madeni Ya\u011flar, \u201cyerlile\u015ftirme\u201d \u00e7al\u0131\u015fmalar\u0131 kapsam\u0131nda \u00fcreticinin ve TSK\u2019nin en b\u00fcy\u00fck destek\u00e7ilerinden biri olmu\u015ftur. BELG\u0130N; g\u00fc\u00e7l\u00fc AR-GE altyap\u0131s\u0131, k\u00f6kl\u00fc ge\u00e7mi\u015fi ve sekt\u00f6rel bilgi birikimiyle Savunma ve Havac\u0131l\u0131k End\u00fcstrisi Sekt\u00f6r\u00fc m\u00fc\u015fterilerine \u00f6zel \u00e7\u00f6z\u00fcmler sunmaktad\u0131r.<\/p>\n\n\n\n<p class=\"has-system-serif-font-family\" style=\"font-size:clamp(1.039rem, 1.039rem + ((1vw - 0.2rem) * 0.935), 1.6rem);font-style:normal;font-weight:500;line-height:1.2\">BELG\u0130N; en zor \u015fartlar alt\u0131nda \u00e7al\u0131\u015fan askeri ve \u00f6zel end\u00fcstriyel ekipmanlar\u0131n hidrolik sistemlerinde kullan\u0131lmak \u00fczere geli\u015ftirilmi\u015f, spesifik \u015fartnameleri kar\u015f\u0131layan \u00f6zel HIDROTEX serisi hidrolik ya\u011flar\u0131 ile m\u00fc\u015fterilerinin \u00f6zel ihtiya\u00e7lar\u0131na, \u00f6zel \u00e7\u00f6z\u00fcmler sunar.<\/p>\n","protected":false},"excerpt":{"rendered":"<p>Y\u00fcr\u00fct\u00fclmekte olan devlet politikalar\u0131 do\u011frultusunda geli\u015fen Savunma ve Havac\u0131l\u0131k End\u00fcstrisi Sekt\u00f6r\u00fc\u2019nde Belgin Madeni Ya\u011flar, \u201cyerlile\u015ftirme\u201d \u00e7al\u0131\u015fmalar\u0131 kapsam\u0131nda \u00fcreticinin ve TSK\u2019nin en b\u00fcy\u00fck destek\u00e7ilerinden biri olmu\u015ftur. BELG\u0130N; g\u00fc\u00e7l\u00fc AR-GE altyap\u0131s\u0131, k\u00f6kl\u00fc ge\u00e7mi\u015fi ve sekt\u00f6rel bilgi birikimiyle Savunma ve Havac\u0131l\u0131k End\u00fcstrisi Sekt\u00f6r\u00fc m\u00fc\u015fterilerine \u00f6zel \u00e7\u00f6z\u00fcmler sunmaktad\u0131r. BELG\u0130N; en zor \u015fartlar alt\u0131nda \u00e7al\u0131\u015fan askeri ve \u00f6zel end\u00fcstriyel ekipmanlar\u0131n [&hellip;]<\/p>\n","protected":false},"author":1,"featured_media":0,"parent":0,"menu_order":0,"comment_status":"closed","ping_status":"closed","template":"","meta":{"footnotes":""},"class_list":["post-198","page","type-page","status-publish","hentry"],"_links":{"self":[{"href":"http:\/\/www.altindamla.com\/index.php\/wp-json\/wp\/v2\/pages\/198"}],"collection":[{"href":"http:\/\/www.altindamla.com\/index.php\/wp-json\/wp\/v2\/pages"}],"about":[{"href":"http:\/\/www.altindamla.com\/index.php\/wp-json\/wp\/v2\/types\/page"}],"author":[{"embeddable":true,"href":"http:\/\/www.altindamla.com\/index.php\/wp-json\/wp\/v2\/users\/1"}],"replies":[{"embeddable":true,"href":"http:\/\/www.altindamla.com\/index.php\/wp-json\/wp\/v2\/comments?post=198"}],"version-history":[{"count":2,"href":"http:\/\/www.altindamla.com\/index.php\/wp-json\/wp\/v2\/pages\/198\/revisions"}],"predecessor-version":[{"id":229,"href":"http:\/\/www.altindamla.com\/index.php\/wp-json\/wp\/v2\/pages\/198\/revisions\/229"}],"wp:attachment":[{"href":"http:\/\/www.altindamla.com\/index.php\/wp-json\/wp\/v2\/media?parent=198"}],"curies":[{"name":"wp","href":"https:\/\/api.w.org\/{rel}","templated":true}]}}

SAVUNMA VE HAVACILIK SEKTÖRÜ

<figure class="wp-block-image size-full"><img loading="lazy" decoding="async" width="848" height="158" src="http://www.altindamla.com/wp-content/uploads/2024/07/savunma_kategori.jpg" alt="" class="wp-image-199" srcset="http://www.altindamla.com/wp-content/uploads/2024/07/savunma_kategori.jpg 848w, http://www.altindamla.com/wp-content/uploads/2024/07/savunma_kategori-300x56.jpg 300w, http://www.altindamla.com/wp-content/uploads/2024/07/savunma_kategori-768x143.jpg 768w" sizes="(max-width: 848px) 100vw, 848px" /></figure>



<p class="has-system-serif-font-family" style="font-size:clamp(1.039rem, 1.039rem + ((1vw - 0.2rem) * 0.935), 1.6rem);font-style:normal;font-weight:500;line-height:1.2">Yürütülmekte olan devlet politikaları doğrultusunda gelişen Savunma ve Havacılık Endüstrisi Sektörü’nde Belgin Madeni Yağlar, “yerlileştirme” çalışmaları kapsamında üreticinin ve TSK’nin en büyük destekçilerinden biri olmuştur. BELGİN; güçlü AR-GE altyapısı, köklü geçmişi ve sektörel bilgi birikimiyle Savunma ve Havacılık Endüstrisi Sektörü müşterilerine özel çözümler sunmaktadır.</p>



<p class="has-system-serif-font-family" style="font-size:clamp(1.039rem, 1.039rem + ((1vw - 0.2rem) * 0.935), 1.6rem);font-style:normal;font-weight:500;line-height:1.2">BELGİN; en zor şartlar altında çalışan askeri ve özel endüstriyel ekipmanların hidrolik sistemlerinde kullanılmak üzere geliştirilmiş, spesifik şartnameleri karşılayan özel HIDROTEX serisi hidrolik yağları ile müşterilerinin özel ihtiyaçlarına, özel çözümler sunar.</p>

<p>Yürütülmekte olan devlet politikaları doğrultusunda gelişen Savunma ve Havacılık Endüstrisi Sektörü’nde Belgin Madeni Yağlar, “yerlileştirme” çalışmaları kapsamında üreticinin ve TSK’nin en büyük destekçilerinden biri olmuştur. BELGİN; güçlü AR-GE altyapısı, köklü geçmişi ve sektörel bilgi birikimiyle Savunma ve Havacılık Endüstrisi Sektörü müşterilerine özel çözümler sunmaktadır. BELGİN; en zor şartlar altında çalışan askeri ve özel endüstriyel ekipmanların [&hellip;]</p>
