{"id":186,"date":"2024-07-23T13:05:31","date_gmt":"2024-07-23T13:05:31","guid":{"rendered":"http:\/\/www.altindamla.com\/?page_id=186"},"modified":"2024-07-23T14:09:20","modified_gmt":"2024-07-23T14:09:20","slug":"metal-isleme-sektoru","status":"publish","type":"page","link":"http:\/\/www.altindamla.com\/index.php\/metal-isleme-sektoru\/","title":{"rendered":"METAL \u0130\u015eLEME SEKT\u00d6R\u00dc"},"content":{"rendered":"\n<figure class=\"wp-block-image size-full\"><img loading=\"lazy\" decoding=\"async\" width=\"848\" height=\"158\" src=\"http:\/\/www.altindamla.com\/wp-content\/uploads\/2024\/07\/metal-isleme_kategori.jpg\" alt=\"\" class=\"wp-image-187\" srcset=\"http:\/\/www.altindamla.com\/wp-content\/uploads\/2024\/07\/metal-isleme_kategori.jpg 848w, http:\/\/www.altindamla.com\/wp-content\/uploads\/2024\/07\/metal-isleme_kategori-300x56.jpg 300w, http:\/\/www.altindamla.com\/wp-content\/uploads\/2024\/07\/metal-isleme_kategori-768x143.jpg 768w\" sizes=\"(max-width: 848px) 100vw, 848px\" \/><\/figure>\n\n\n\n<p class=\"has-system-serif-font-family\" style=\"font-size:clamp(1.039rem, 1.039rem + ((1vw - 0.2rem) * 0.935), 1.6rem);font-style:normal;font-weight:500;line-height:1.2\">Metal \u0130\u015fleme, form verme ve metal \u015fekillendirmede \u00fcretim s\u00fcreci boyunca ekipmanlar\u0131n, i\u015fleyici tak\u0131mlar\u0131n ve i\u015flenen par\u00e7alar\u0131n sa\u011fl\u0131kl\u0131 \u00e7al\u0131\u015fmas\u0131, korunmas\u0131 ve verimli bir \u015fekilde \u00fcretimi aksatmadan \u00e7al\u0131\u015fmaya devam edebilmesi i\u00e7in end\u00fcstriyel ya\u011flay\u0131c\u0131lara ihtiya\u00e7 duyulur.<\/p>\n\n\n\n<p class=\"has-system-serif-font-family\" style=\"font-size:clamp(1.039rem, 1.039rem + ((1vw - 0.2rem) * 0.935), 1.6rem);font-style:normal;font-weight:500;line-height:1.2\">Zorlu \u00fcretim s\u00fcreci boyunca Belgin ya\u011flama ihtiya\u00e7lar\u0131na y\u00f6nelik yenilik\u00e7i \u00e7\u00f6z\u00fcmler sunar.<\/p>\n\n\n\n<p class=\"has-system-serif-font-family\" style=\"font-size:clamp(1.039rem, 1.039rem + ((1vw - 0.2rem) * 0.935), 1.6rem);font-style:normal;font-weight:500;line-height:1.2\">Belgin geni\u015f ve benzersiz \u00fcr\u00fcn portf\u00f6y\u00fcnde,<\/p>\n\n\n\n<p class=\"has-system-serif-font-family\" style=\"font-size:clamp(1.039rem, 1.039rem + ((1vw - 0.2rem) * 0.935), 1.6rem);font-style:normal;font-weight:500;line-height:1.2\">Metal \u0130\u015fleme S\u0131v\u0131lar\u0131<\/p>\n\n\n\n<p class=\"has-system-serif-font-family\" style=\"font-size:clamp(1.039rem, 1.039rem + ((1vw - 0.2rem) * 0.935), 1.6rem);font-style:normal;font-weight:500;line-height:1.2\">S\u0131cak ve So\u011fuk \u015eekillendirme Ya\u011flar\u0131<\/p>\n\n\n\n<p class=\"has-system-serif-font-family\" style=\"font-size:clamp(1.039rem, 1.039rem + ((1vw - 0.2rem) * 0.935), 1.6rem);font-style:normal;font-weight:500;line-height:1.2\">Kaynak Kimyasallar\u0131<\/p>\n\n\n\n<p class=\"has-system-serif-font-family\" style=\"font-size:clamp(1.039rem, 1.039rem + ((1vw - 0.2rem) * 0.935), 1.6rem);font-style:normal;font-weight:500;line-height:1.2\">Ya\u011f Alma Kimyasallar\u0131<\/p>\n\n\n\n<p class=\"has-system-serif-font-family\" style=\"font-size:clamp(1.039rem, 1.039rem + ((1vw - 0.2rem) * 0.935), 1.6rem);font-style:normal;font-weight:500;line-height:1.2\">Is\u0131l \u0130\u015flem S\u0131v\u0131lar\u0131<\/p>\n\n\n\n<p class=\"has-system-serif-font-family\" style=\"font-size:clamp(1.039rem, 1.039rem + ((1vw - 0.2rem) * 0.935), 1.6rem);font-style:normal;font-weight:500;line-height:1.2\">Korozyon \u00d6nleyicileri v.b.<\/p>\n\n\n\n<p class=\"has-system-serif-font-family\" style=\"font-size:clamp(1.039rem, 1.039rem + ((1vw - 0.2rem) * 0.935), 1.6rem);font-style:normal;font-weight:500;line-height:1.2\">\u00dcst\u00fcn nitelikli \u00fcr\u00fcnleri , sekt\u00f6rel uzmanl\u0131\u011f\u0131 ve teknik kadrosuyla \u0130\u015f ortaklar\u0131n\u0131n madeni ya\u011f kullan\u0131m\u0131na y\u00f6nelik ekspertiz hizmeti vererek verimlilik sa\u011flar.<\/p>\n\n\n\n<p class=\"has-system-serif-font-family\" style=\"font-size:clamp(1.039rem, 1.039rem + ((1vw - 0.2rem) * 0.935), 1.6rem);font-style:normal;font-weight:500;line-height:1.2\">Bu ekspertiz hizmeti ile hedefimiz, ar\u0131za periyotlar\u0131n\u0131 azaltmak , makine \u00f6mr\u00fcn\u00fc uzatmak ve sonu\u00e7ta paradan tasarruf etmenizi sa\u011flamakt\u0131r.<\/p>\n","protected":false},"excerpt":{"rendered":"<p>Metal \u0130\u015fleme, form verme ve metal \u015fekillendirmede \u00fcretim s\u00fcreci boyunca ekipmanlar\u0131n, i\u015fleyici tak\u0131mlar\u0131n ve i\u015flenen par\u00e7alar\u0131n sa\u011fl\u0131kl\u0131 \u00e7al\u0131\u015fmas\u0131, korunmas\u0131 ve verimli bir \u015fekilde \u00fcretimi aksatmadan \u00e7al\u0131\u015fmaya devam edebilmesi i\u00e7in end\u00fcstriyel ya\u011flay\u0131c\u0131lara ihtiya\u00e7 duyulur. Zorlu \u00fcretim s\u00fcreci boyunca Belgin ya\u011flama ihtiya\u00e7lar\u0131na y\u00f6nelik yenilik\u00e7i \u00e7\u00f6z\u00fcmler sunar. Belgin geni\u015f ve benzersiz \u00fcr\u00fcn portf\u00f6y\u00fcnde, Metal \u0130\u015fleme S\u0131v\u0131lar\u0131 S\u0131cak ve [&hellip;]<\/p>\n","protected":false},"author":1,"featured_media":0,"parent":0,"menu_order":0,"comment_status":"closed","ping_status":"closed","template":"","meta":{"footnotes":""},"class_list":["post-186","page","type-page","status-publish","hentry"],"_links":{"self":[{"href":"http:\/\/www.altindamla.com\/index.php\/wp-json\/wp\/v2\/pages\/186"}],"collection":[{"href":"http:\/\/www.altindamla.com\/index.php\/wp-json\/wp\/v2\/pages"}],"about":[{"href":"http:\/\/www.altindamla.com\/index.php\/wp-json\/wp\/v2\/types\/page"}],"author":[{"embeddable":true,"href":"http:\/\/www.altindamla.com\/index.php\/wp-json\/wp\/v2\/users\/1"}],"replies":[{"embeddable":true,"href":"http:\/\/www.altindamla.com\/index.php\/wp-json\/wp\/v2\/comments?post=186"}],"version-history":[{"count":2,"href":"http:\/\/www.altindamla.com\/index.php\/wp-json\/wp\/v2\/pages\/186\/revisions"}],"predecessor-version":[{"id":226,"href":"http:\/\/www.altindamla.com\/index.php\/wp-json\/wp\/v2\/pages\/186\/revisions\/226"}],"wp:attachment":[{"href":"http:\/\/www.altindamla.com\/index.php\/wp-json\/wp\/v2\/media?parent=186"}],"curies":[{"name":"wp","href":"https:\/\/api.w.org\/{rel}","templated":true}]}}