{"id":136,"date":"2024-07-23T11:52:58","date_gmt":"2024-07-23T11:52:58","guid":{"rendered":"http:\/\/www.altindamla.com\/?page_id=136"},"modified":"2024-07-23T14:07:20","modified_gmt":"2024-07-23T14:07:20","slug":"alimunyum-sektoru","status":"publish","type":"page","link":"http:\/\/www.altindamla.com\/index.php\/alimunyum-sektoru\/","title":{"rendered":"AL\u0130M\u00dcNYUM SEKT\u00d6R\u00dc"},"content":{"rendered":"\n<figure class=\"wp-block-image size-full is-resized is-style-default\"><img loading=\"lazy\" decoding=\"async\" width=\"848\" height=\"158\" src=\"http:\/\/www.altindamla.com\/wp-content\/uploads\/2024\/07\/aluminyum_kategori-1.jpg\" alt=\"\" class=\"wp-image-137\" style=\"width:619px;height:auto\" srcset=\"http:\/\/www.altindamla.com\/wp-content\/uploads\/2024\/07\/aluminyum_kategori-1.jpg 848w, http:\/\/www.altindamla.com\/wp-content\/uploads\/2024\/07\/aluminyum_kategori-1-300x56.jpg 300w, http:\/\/www.altindamla.com\/wp-content\/uploads\/2024\/07\/aluminyum_kategori-1-768x143.jpg 768w\" sizes=\"(max-width: 848px) 100vw, 848px\" \/><\/figure>\n\n\n\n<p class=\"has-system-serif-font-family\" style=\"font-size:clamp(1.039rem, 1.039rem + ((1vw - 0.2rem) * 0.935), 1.6rem);font-style:normal;font-weight:500;line-height:1.2\">19. y\u00fczy\u0131l\u0131n ikinci yar\u0131s\u0131ndan beri end\u00fcstriyel \u00e7apta \u00fcretilen \u00e7ok gen\u00e7 bir metal olmas\u0131na ra\u011fmen, bug\u00fcn bak\u0131r ve ala\u015f\u0131mlar\u0131, kur\u015fun, kalay ve \u00e7inko gibi t\u00fcm demir d\u0131\u015f\u0131 metallerin toplam kullan\u0131m\u0131ndan daha \u00e7ok miktarda kullan\u0131lmaktad\u0131r.<\/p>\n\n\n\n<p class=\"has-system-serif-font-family\" style=\"font-size:clamp(1.039rem, 1.039rem + ((1vw - 0.2rem) * 0.935), 1.6rem);font-style:normal;font-weight:500;line-height:1.2\">D\u00fcnyan\u0131n en ileri teknolojisi ile donat\u0131lm\u0131\u015f Belgin Ar-Ge laboratuvarlar\u0131nda geli\u015ftirilen \u00fcst\u00fcn nitelikli ve \u00e7evreye duyarl\u0131 \u00fcr\u00fcnler, bug\u00fcn yurt i\u00e7inde ve yurt d\u0131\u015f\u0131nda; al\u00fcminyum sekt\u00f6r\u00fcnde \u00fcretimin oldu\u011fu her alanda ba\u015far\u0131 ile kullan\u0131lmaktad\u0131r. Belgin, \u00f6zellikle leke e\u011filimi azalt\u0131lm\u0131\u015f, y\u00fcksek y\u00fcke ve h\u0131za dayan\u0131kl\u0131 kapal\u0131 sistem di\u015fli ya\u011flar\u0131, hidrolik ya\u011flar ve hadde ya\u011f\u0131na dayan\u0131kl\u0131 gres ya\u011flar\u0131 ile sekt\u00f6rde \u00f6nemli bir yere sahiptir.<\/p>\n","protected":false},"excerpt":{"rendered":"<p>19. y\u00fczy\u0131l\u0131n ikinci yar\u0131s\u0131ndan beri end\u00fcstriyel \u00e7apta \u00fcretilen \u00e7ok gen\u00e7 bir metal olmas\u0131na ra\u011fmen, bug\u00fcn bak\u0131r ve ala\u015f\u0131mlar\u0131, kur\u015fun, kalay ve \u00e7inko gibi t\u00fcm demir d\u0131\u015f\u0131 metallerin toplam kullan\u0131m\u0131ndan daha \u00e7ok miktarda kullan\u0131lmaktad\u0131r. D\u00fcnyan\u0131n en ileri teknolojisi ile donat\u0131lm\u0131\u015f Belgin Ar-Ge laboratuvarlar\u0131nda geli\u015ftirilen \u00fcst\u00fcn nitelikli ve \u00e7evreye duyarl\u0131 \u00fcr\u00fcnler, bug\u00fcn yurt i\u00e7inde ve yurt d\u0131\u015f\u0131nda; [&hellip;]<\/p>\n","protected":false},"author":1,"featured_media":0,"parent":0,"menu_order":0,"comment_status":"closed","ping_status":"closed","template":"","meta":{"footnotes":""},"class_list":["post-136","page","type-page","status-publish","hentry"],"_links":{"self":[{"href":"http:\/\/www.altindamla.com\/index.php\/wp-json\/wp\/v2\/pages\/136"}],"collection":[{"href":"http:\/\/www.altindamla.com\/index.php\/wp-json\/wp\/v2\/pages"}],"about":[{"href":"http:\/\/www.altindamla.com\/index.php\/wp-json\/wp\/v2\/types\/page"}],"author":[{"embeddable":true,"href":"http:\/\/www.altindamla.com\/index.php\/wp-json\/wp\/v2\/users\/1"}],"replies":[{"embeddable":true,"href":"http:\/\/www.altindamla.com\/index.php\/wp-json\/wp\/v2\/comments?post=136"}],"version-history":[{"count":7,"href":"http:\/\/www.altindamla.com\/index.php\/wp-json\/wp\/v2\/pages\/136\/revisions"}],"predecessor-version":[{"id":221,"href":"http:\/\/www.altindamla.com\/index.php\/wp-json\/wp\/v2\/pages\/136\/revisions\/221"}],"wp:attachment":[{"href":"http:\/\/www.altindamla.com\/index.php\/wp-json\/wp\/v2\/media?parent=136"}],"curies":[{"name":"wp","href":"https:\/\/api.w.org\/{rel}","templated":true}]}}